0 = -n*u - u - 4. List the prime factors of (-416)/(-10) - u/10.
2, 3, 7
Let l be (-7 + 2 + 0)*(-8768)/40. Suppose -c - 954 = -4*i - 75, 0 = 5*i - 4*c - l. List the prime factors of i.
2, 5, 11
Let g = 47 + -23. List the prime factors of 83/3*11 + g/(-72).
2, 19
Let w = 30 - -487. List the prime factors of w.
11, 47
Suppose 0*v - 2*v = -2. Let n be -11 - (0 - v/1). Let d = 38 + n. What are the prime factors of d?
2, 7
Let b(s) = -19*s - 3. List the prime factors of b(-18).
3, 113
Suppose 3*m - 5*h = 386, -5*h - 132 = -0*m - m. List the prime factors of m.
127
Let z be -2 - 0/(9/(-3) + 1). What are the prime factors of 303/6 + 3*1/z?
7
Let b = -32 - -34. What are the prime factors of -1 + (-87)/(-2)*b?
2, 43
Let c be (30/(-18))/(1/66). Let b = c - -176. What are the prime factors of b?
2, 3, 11
Suppose 5*x - 3*t - 4 = 0, x + 2*t - 7*t - 14 = 0. Let a = 3 + x. Suppose 4*d - 38 = a*d. What are the prime factors of d?
19
Let t = 11 - 11. Suppose -5*z = -3*z - 5*o - 31, o + 5 = t. Suppose 4*h + 3*n = -h + 41, h - 2*n = z. What are the prime factors of h?
7
Suppose 0 = 2*s - 4 - 0. Suppose -35 = s*j - 7. List the prime factors of (-7)/j - (-138)/4.
5, 7
Let p = 2 - -3. Suppose p*l - 2 = 4*l. Suppose 0*z = -l*z + 3*w - 1, 0 = -5*z - 5*w + 60. What are the prime factors of z?
7
Suppose -p + 4 = -0*p. Suppose 3*f - p*u = 114 - 36, 2*f - 4*u = 48. Let o = 42 - f. List the prime factors of o.
2, 3
Suppose -7*o + 0*o + 14 = 0. Suppose p = d - o*d + 14, -5*d = -5. What are the prime factors of p?
13
Suppose 5*k = -5*u - 625, 0 = 3*u - 0*u - 3. Let v = k - -223. List the prime factors of v.
97
Let r(p) = 14*p**3 + 5*p - 30. What are the prime factors of r(4)?
2, 443
Let f be 2 - (-3 - 0 - -4) - -3. Suppose f*l = -3*j + 524, -5*l + 20 = -10*l. What are the prime factors of j?
2, 3, 5
Let o(s) = -195*s - 32. What are the prime factors of o(-3)?
7, 79
Let v(l) = 2*l**2 + 13*l + 59. What are the prime factors of v(-24)?
29, 31
Let r(z) = 60*z**2 - 4*z - 10. What are the prime factors of r(-2)?
2, 7, 17
Suppose -7*k + 3*k = -3*h - 818, 5*k = 5*h + 1020. Suppose -k = -6*g + 778. List the prime factors of g.
2, 41
Let o(f) = 33*f - 1. Let u(i) be the second derivative of -i**3/6 - i**2 + 2*i. Let a be u(-3). What are the prime factors of o(a)?
2
Let j be -8 + (8 - 4/1). Let h(t) = -t**3 - 4*t**2 - t + 3. Let c be h(j). Let x(z) = z**2 + z + 2. What are the prime factors of x(c)?
2, 29
Suppose -5*g + 17 = -2*j, 0 = g - 2*j - 7 + 2. Suppose -g*n + 6*n - 414 = 0. Suppose v + 2*v = 5*p + 86, 3*p + n = 5*v. What are the prime factors of v?
3
Suppose 2*a + 12 = -4*x, 4*a - 12 = -4*x + 8*x. What are the prime factors of (-169)/(-2) + x/2?
83
Suppose -1144 + 3877 = 3*z. What are the prime factors of z?
911
Suppose 4*z = -4*m + 1944, -m - 3*z = -2*m + 494. What are the prime factors of m?
2, 61
Let g(x) = -19*x**3 + 2*x + 1. Let d be g(-1). Let n be (5/(-10))/((-1)/(-12)). What are the prime factors of (n/d)/((-1)/81)?
3
Let l(v) = 7*v + 15. Let f(t) = 7*t + 15. Let d(r) = -7*f(r) + 6*l(r). Let c be (70/(-1))/7 - -5. What are the prime factors of d(c)?
2, 5
Let g = -1328 + 2220. List the prime factors of g.
2, 223
Suppose 3*l = 2*l + 3. Suppose -l*j = -9 - 3. Suppose -64 = -j*h - 0*h. What are the prime factors of h?
2
Let s(d) = 254 - 55*d**3 + 21*d + 56*d**3 - 22*d + 2*d**2. List the prime factors of s(0).
2, 127
Suppose 9 = 5*g + 4*c - 10, c = 2*g - 5. Suppose 0 = 4*k - 5*k + g*w + 176, -2*w = 5*k - 914. What are the prime factors of k?
2, 7, 13
Let g = -29 + 34. Suppose -3*m + 0*u + 2*u = -41, -g*u + 59 = 2*m. What are the prime factors of m?
17
Suppose -2830 = -8*f + 3938. List the prime factors of f.
2, 3, 47
Let t(i) = 142*i**3 - 4*i**2 + 2*i + 1. What are the prime factors of t(2)?
3, 5
Suppose 1 = p - 1. Let w be 3 + ((-4)/2)/p. List the prime factors of (-38)/2*(w + -5).
3, 19
Let c(t) = 6*t - 10. Let j be c(2). Suppose -244 = -j*p - 0*p. List the prime factors of p.
2, 61
List the prime factors of ((-65)/(-260))/((-2)/(-10888)).
1361
Suppose d + 0 = 5*l - 17, 5*l - 25 = 5*d. Suppose -j = l*j - 32. List the prime factors of j.
2
Let z(r) = -r**3 + 4*r**2 + 12*r - 17. What are the prime factors of z(5)?
2, 3
List the prime factors of (-7 + 411 - -7) + 3.
2, 3, 23
Let z(n) = -6*n**2 - 320*n - 23. What are the prime factors of z(-20)?
41, 97
Let v = 14 - 26. Let h be 18/v*(-76)/6. Suppose -z + y + h = 0, 0 = 4*y - 2*y. List the prime factors of z.
19
Let n = 127 - 118. Let h(y) = y - 1. Let i be h(3). Suppose -1 = -u - 0*u - i*j, -2*u + 3*j = -n. List the prime factors of u.
3
Let z(y) = -4 - 4*y - 4*y + 3*y - 2*y. What are the prime factors of z(-7)?
3, 5
Let b(k) = -k + 7. Let i be b(3). Suppose 2*m - 2 = m - t, 8 = i*m - 2*t. Suppose -15 = m*u - 19. What are the prime factors of u?
2
Let o be (-4)/(32/740)*8. Let g = o + 1105. Suppose 148 = 2*x - 3*p, 7*p + g = 5*x + 2*p. List the prime factors of x.
71
Let r(w) = 64*w + 208. What are the prime factors of r(11)?
2, 3, 19
Let d(n) = 4*n**2 + 47*n + 14. What are the prime factors of d(11)?
5, 7, 29
Let i(k) = -1924*k - 41. What are the prime factors of i(-1)?
7, 269
Let s = 182 - 122. Suppose -s = -4*g - 2*q, 8*g - q - 60 = 4*g. Let b = g + -5. What are the prime factors of b?
2, 5
Let f = 41 - 13. Suppose 3 = 3*k - 5*u - 2, 4*k - 14 = 3*u. Suppose -f = -w - k. What are the prime factors of w?
23
Let d(f) = f**3 + 11*f**2 - 9*f - 6. Let p be (-20)/30*66/4. Let r be d(p). Suppose -5*v + 216 = 3*m, 0*m - r = -2*v + m. What are the prime factors of v?
3, 5
Let g(f) = -f - 12. Let t be g(-15). Suppose 0 = b - 2*q - 26, -t*b + 2*q = 6*q - 88. What are the prime factors of b?
2, 7
Let c be -3 + (8 - (0 + 3)). Suppose 5*k - 72 = 33. Suppose 36 = 4*w + 2*f + c*f, 5*f - k = -3*w. What are the prime factors of w?
2, 3
Let t(k) = k + 5. Let q be t(-5). Suppose -3*l + 5*i = -0*l - 1, q = 2*l - 4*i - 2. Let w(b) = 2*b**2 + 2*b - 3. What are the prime factors of w(l)?
3
Suppose 28*w - 25*w - 1500 = 0. List the prime factors of w.
2, 5
Suppose -4*f - 3*r = -8*f + 1975, -3*f - 3*r + 1455 = 0. List the prime factors of f.
2, 5, 7
Suppose -j - 27 = -4*j. Let r(h) = 8*h - 8. What are the prime factors of r(j)?
2
Let p be 1440/1*(-24)/(-60). Suppose -5*l + p = -w, -l = 4*l - 3*w - 568. What are the prime factors of l?
2, 29
What are the prime factors of 1*11*(-8 + 2 - -18)?
2, 3, 11
Suppose 0 = 2*n - 4 - 2. Suppose n*f + 12 = 279. List the prime factors of f.
89
Let q be (-6)/8 - 13/4. List the prime factors of 104/13*(-11)/q.
2, 11
Suppose 3*f - 4*o = 104, -57 = -4*f + 3*o + 91. List the prime factors of f.
2, 5
Let z = -14 - -10. Let f(n) = -10*n + 6. What are the prime factors of f(z)?
2, 23
Suppose t = 2*t - 12. Let d be 3/(t/32*2). Suppose -5*c = -p + 30, 2 = p + d*c - 1. What are the prime factors of p?
3, 5
Suppose 2*g + 21 = 5*p, 0 = -5*p + 4*g - 0*g + 17. Let r be (p + -1)/(3/(-6)). Let c(n) = -n**3 - 8*n**2 - 5*n - 9. What are the prime factors of c(r)?
31
List the prime factors of (-2 + -1)/(117/(-21255)).
5, 109
Suppose 0*s - 3*m - 4189 = -4*s, s + m - 1056 = 0. List the prime factors of s.
1051
Suppose -5 = -q, 0 = -5*b - 2*q - 18 - 32. Let m = 24 + b. Suppose m*u + 51 = 15*u. List the prime factors of u.
17
List the prime factors of ((-556)/3)/(-4 - 280/(-72)).
2, 3, 139
Let b be (-15)/2*2/(-3). Suppose 5*v + 415 = b*u, 3*u + u - 337 = -v. List the prime factors of u.
2, 3, 7
Let o(m) = -29*m + 1. Let k be o(-2). Let t = k - 23. List the prime factors of t.
2, 3
Let y(l) = -l**3 + 3*l**2 + 11*l. Let t be y(5). Suppose 1 = -g + t. Suppose 4*a = g*v - 152, -4*v + 3*a + 88 = -69. What are the prime factors of v?
43
Let v(b) = -8*b - 1. Let r be (3 + 14/(-4))*-2. Let l be (-2 + 2 + r)*-1. What are the prime factors of v(l)?
7
Suppose -2*j = 4, 2411 = 3*b + 4*j + 988. What are the prime factors of b?
3, 53
Let s = 993 - -415. What are the prime factors of s?
2, 11
Suppose -2*l + 3*j - 7 = 0, l + 13 + 8 = 5*j. Suppose -2*s + 4*s + 24 = 5*y, 3*y + l*s = 4. Suppose -z - 18 = -y*z. List the prime factors of z.
2, 3
Let v = -4878 + 1717. Let m = -1908 - v. What are the prime factors of (-2)/(-10) + m/35?
2, 3
Suppose -2*a = -5*w + 564, w + 4*w - 573 = -a. Let b = w - 49. What are the prime factors of b?
5, 13
Let v be 4 + 398